{"id":1108,"date":"2014-09-26T12:15:25","date_gmt":"2014-09-26T18:15:25","guid":{"rendered":"http:\/\/viernesverde.com\/web\/?page_id=1108"},"modified":"2014-09-26T12:33:09","modified_gmt":"2014-09-26T18:33:09","slug":"ese-es-rollo-mio-no-de-ellos","status":"publish","type":"page","link":"http:\/\/viernesverde.com\/web\/ese-es-rollo-mio-no-de-ellos\/","title":{"rendered":"ESO ES ROLLO M\u00cdO, NO DE ELLOS"},"content":{"rendered":"<p><a href=\"http:\/\/viernesverde.com\/web\/wp-content\/uploads\/2014\/09\/Rush-discography.jpg\"><img loading=\"lazy\" decoding=\"async\" class=\"alignnone  wp-image-1109\" src=\"http:\/\/viernesverde.com\/web\/wp-content\/uploads\/2014\/09\/Rush-discography.jpg\" alt=\"Rush discography\" width=\"271\" height=\"241\" srcset=\"http:\/\/viernesverde.com\/web\/wp-content\/uploads\/2014\/09\/Rush-discography.jpg 450w, http:\/\/viernesverde.com\/web\/wp-content\/uploads\/2014\/09\/Rush-discography-250x222.jpg 250w, http:\/\/viernesverde.com\/web\/wp-content\/uploads\/2014\/09\/Rush-discography-120x106.jpg 120w\" sizes=\"auto, (max-width: 271px) 100vw, 271px\" \/><\/a><\/p>\n<p><strong>Por Carlos \u201cChingui\u201d M\u00e9ndez S. <\/strong><\/p>\n<p><em>Tema musical sugerido para escuchar mientras lees: <strong><a href=\"https:\/\/www.youtube.com\/watch?v=UiuD6i8dN1g\" target=\"_blank\">Radio Gaga (Queen)<\/a><\/strong><\/em>.<\/p>\n<p>Mi banda internacional preferida hasta la fecha sigue siendo RUSH aunque MUSE, QUEEN, SUPERTRAMP y otro par por all\u00ed se le acercan bastante. Rush lleva 19 discos LP de estudio de los cu\u00e1les 8 me han parecido muy buenos. Es decir, menos del 50% me han gustado o me han movido emocionalmente. Los dem\u00e1s LPs, pues bueno, me ha gustado esta y aquella canci\u00f3n, pero ning\u00fan LP me ha movido como lo que la banda produjo entre 1976 a 1982. Esta etapa justamente coincide con mi pubertad y adolescencia, \u00e9poca de respuestas viscerales literalmente hasta el copete! Pero eso es rollo m\u00edo, no de ellos.<\/p>\n<p>Los \u00faltimos 5 LPs que ha sacado Rush la verdad no me han gustado mucho, los siento muy light, y para mi gusto dominan demasiado los teclados. Counterparts, lanzado en 1993 me gust\u00f3 bastante, pero en ese disco dejaron un poco a un lado los teclados y regresaron a hacer m\u00fasica m\u00e1s como la que est\u00e1 impregnada en mi cerebro y sistema l\u00edmbico, precisa y justamente producto de mi adolescencia. Adem\u00e1s, hoy mis respuestas emocionales est\u00e1n m\u00e1s atenuadas, y seg\u00fan parece mi cerebro no est\u00e1 entrenado para responder tan bien al exceso de teclados. Pero eso es rollo m\u00edo no de ellos.<\/p>\n<p>Jam\u00e1s me he sentido en la necesidad de ir a alg\u00fan blog o red social de Rush a criticarlos porque no me satisfacen o no hacen la m\u00fasica que quiero. Jam\u00e1s he ido a una red social a criticarlos porque la m\u00fasica de ahora usa teclados o es m\u00e1s corta en duraci\u00f3n o que lo est\u00e1n haciendo para lograr un formato mas accesible a las radios. Nunca he tratado de ponerme en su cerebro para tratar de entender por qu\u00e9 est\u00e1n haciendo lo que hacen. No pretendo ser clarividente de las intenciones del artista. Siempre he tenido claro que el cerebro de ellos no es mi cerebro. Cuando los veo tocar en videos, veo que est\u00e1n gozando lo que est\u00e1n haciendo, claramente a ellos les gusta lo que han producido, y eso curiosamente me llena de gozo. Hagan o no hagan m\u00fasica para mi cerebro, yo sigo valor\u00e1ndolos y respet\u00e1ndolos y uno de mis sue\u00f1os es lograr verlos en vivo antes de que se retiren. A ver si lo logro. S\u00e9 que saldr\u00e9 feliz de tal concierto incluso aunque no toquen ninguna de las canciones que m\u00e1s me gustan. El motivo es porque yo valoro lo que Rush representa m\u00e1s all\u00e1 de su m\u00fasica y l\u00edricas, aprecio su filosof\u00eda de vida proyectada en sus entrevistas, me gusta su lucha, su productividad, su destreza musical. Ya si en un momento del capricho de la vida hacen o no m\u00fasica que mueva mis emociones, pues ese es rollo m\u00edo y no de ellos.<\/p>\n<p>Para terminar una an\u00e9cdota. Cuando sali\u00f3 la rola de Radio Gaga de Queen, me pareci\u00f3 una rola bien pussy, simplemente la dej\u00e9 por all\u00ed y no le puse coco. No me gustaron los teclados, ni los sonidos raros esos que usaron. Como 10 a\u00f1os despu\u00e9s la escuch\u00e9 en vivo en un video y me recuerdo que me pareci\u00f3 una rola maravillosa, la letra, la musicalizaci\u00f3n y los teclados me encantaron. No se qu\u00e9 sucedi\u00f3 con mi cerebro ese d\u00eda o qu\u00e9 capricho tuvo, simplemente, en aquel entonces cuando sali\u00f3 la rola, mi cerebro a\u00fan no estaba listo. Pero eso es rollo m\u00edo y no de ellos.<\/p>\n<p>Radio Gaga:<br \/>\n<iframe loading=\"lazy\" src=\"\/\/www.youtube.com\/embed\/0omja1ivpx0\" width=\"420\" height=\"315\" frameborder=\"0\" allowfullscreen=\"allowfullscreen\"><\/iframe><\/p>\n<p>Chingui vV<\/p>\n","protected":false},"excerpt":{"rendered":"Por Carlos \u201cChingui\u201d M\u00e9ndez S. Tema musical sugerido para escuchar mientras lees: Radio Gaga (Queen). Mi banda internacional preferida hasta la fecha sigue siendo RUSH aunque MUSE, QUEEN, SUPERTRAMP y otro par por all\u00ed se le acercan bastante. Rush lleva 19 discos LP de estudio de los cu\u00e1les 8 me han parecido muy buenos. Es&#8230; <a class=\"view-article\" href=\"http:\/\/viernesverde.com\/web\/ese-es-rollo-mio-no-de-ellos\/\">View Article<\/a>","protected":false},"author":1,"featured_media":0,"parent":0,"menu_order":0,"comment_status":"open","ping_status":"open","template":"","meta":{"_acf_changed":false,"_exactmetrics_skip_tracking":false,"_exactmetrics_sitenote_active":false,"_exactmetrics_sitenote_note":"","_exactmetrics_sitenote_category":0,"footnotes":""},"categories":[3],"tags":[],"class_list":["post-1108","page","type-page","status-publish","hentry","category-chinguinismo"],"acf":[],"_links":{"self":[{"href":"http:\/\/viernesverde.com\/web\/wp-json\/wp\/v2\/pages\/1108","targetHints":{"allow":["GET"]}}],"collection":[{"href":"http:\/\/viernesverde.com\/web\/wp-json\/wp\/v2\/pages"}],"about":[{"href":"http:\/\/viernesverde.com\/web\/wp-json\/wp\/v2\/types\/page"}],"author":[{"embeddable":true,"href":"http:\/\/viernesverde.com\/web\/wp-json\/wp\/v2\/users\/1"}],"replies":[{"embeddable":true,"href":"http:\/\/viernesverde.com\/web\/wp-json\/wp\/v2\/comments?post=1108"}],"version-history":[{"count":9,"href":"http:\/\/viernesverde.com\/web\/wp-json\/wp\/v2\/pages\/1108\/revisions"}],"predecessor-version":[{"id":1118,"href":"http:\/\/viernesverde.com\/web\/wp-json\/wp\/v2\/pages\/1108\/revisions\/1118"}],"wp:attachment":[{"href":"http:\/\/viernesverde.com\/web\/wp-json\/wp\/v2\/media?parent=1108"}],"wp:term":[{"taxonomy":"category","embeddable":true,"href":"http:\/\/viernesverde.com\/web\/wp-json\/wp\/v2\/categories?post=1108"},{"taxonomy":"post_tag","embeddable":true,"href":"http:\/\/viernesverde.com\/web\/wp-json\/wp\/v2\/tags?post=1108"}],"curies":[{"name":"wp","href":"https:\/\/api.w.org\/{rel}","templated":true}]}}