{"id":1485,"date":"2016-02-25T06:55:40","date_gmt":"2016-02-25T12:55:40","guid":{"rendered":"http:\/\/viernesverde.com\/web\/?page_id=1485"},"modified":"2016-02-25T07:21:48","modified_gmt":"2016-02-25T13:21:48","slug":"que-es-arte-objetiva-o-subjetiva-parte-1","status":"publish","type":"page","link":"http:\/\/viernesverde.com\/web\/que-es-arte-objetiva-o-subjetiva-parte-1\/","title":{"rendered":"Qu\u00e9 es Arte? Objetivo o Subjetivo? Parte 1"},"content":{"rendered":"<div style=\"color: #373e4d;\" data-block=\"true\" data-offset-key=\"6qfoj-0-0\">\n<div class=\"_1mf _1mj\" data-offset-key=\"6qfoj-0-0\"><strong><span data-offset-key=\"6qfoj-0-0\"><span data-text=\"true\">QU\u00c9 ES ARTE? Parte 1<\/span><\/span><\/strong><\/div>\n<\/div>\n<div style=\"color: #373e4d;\" data-block=\"true\" data-offset-key=\"dfat0-0-0\">\n<div class=\"_1mf _1mj\" data-offset-key=\"dfat0-0-0\"><strong><span data-offset-key=\"dfat0-0-0\"><span data-text=\"true\">ES EL ARTE OBJETIVO O SUBJETIVO? <\/span><\/span><\/strong><\/div>\n<\/div>\n<div style=\"color: #373e4d;\" data-block=\"true\" data-offset-key=\"95c3k-0-0\">Por Carlos Chingui M\u00e9ndez<\/div>\n<div style=\"color: #373e4d;\" data-block=\"true\" data-offset-key=\"95c3k-0-0\"><a href=\"http:\/\/viernesverde.com\/web\/wp-content\/uploads\/2016\/02\/Michael-Heizer-Rock.jpeg\"><img loading=\"lazy\" decoding=\"async\" class=\"alignnone  wp-image-1497\" src=\"http:\/\/viernesverde.com\/web\/wp-content\/uploads\/2016\/02\/Michael-Heizer-Rock.jpeg\" alt=\"Michael Heizer Rock\" width=\"248\" height=\"149\" srcset=\"http:\/\/viernesverde.com\/web\/wp-content\/uploads\/2016\/02\/Michael-Heizer-Rock.jpeg 620w, http:\/\/viernesverde.com\/web\/wp-content\/uploads\/2016\/02\/Michael-Heizer-Rock-250x150.jpeg 250w, http:\/\/viernesverde.com\/web\/wp-content\/uploads\/2016\/02\/Michael-Heizer-Rock-120x72.jpeg 120w\" sizes=\"auto, (max-width: 248px) 100vw, 248px\" \/><\/a><\/div>\n<p><iframe loading=\"lazy\" src=\"https:\/\/www.youtube.com\/embed\/ANA8SI_KvqI\" width=\"250\" height=\"140\" frameborder=\"0\" allowfullscreen=\"allowfullscreen\"><\/iframe><\/p>\n<div style=\"color: #373e4d;\" data-block=\"true\" data-offset-key=\"6qfoj-0-0\">Tengo bastante tiempo meditando sobre el tema y no me ha sido f\u00e1cil tener una postura. Con el tiempo y analizando diferentes fuentes, he llegado a sentirme c\u00f3modo con esta definici\u00f3n:<\/div>\n<div style=\"color: #373e4d;\" data-block=\"true\" data-offset-key=\"1fjo3-0-0\">\n<div class=\"_1mf _1mj\" data-offset-key=\"1fjo3-0-0\"><span data-offset-key=\"1fjo3-0-0\">\u00a0<\/span><\/div>\n<\/div>\n<div style=\"color: #373e4d;\" data-block=\"true\" data-offset-key=\"fdnog-0-0\">\n<div class=\"_1mf _1mj\" data-offset-key=\"fdnog-0-0\"><span data-offset-key=\"fdnog-0-0\"><span data-text=\"true\"><em>El arte es una representaci\u00f3n de la realidad acorde con los valores del artista, realizada con destreza y que provoca una respuesta emocional, as\u00ed como introspecci\u00f3n y meditaci\u00f3n por parte del observador<\/em>.<\/span><\/span><\/div>\n<\/div>\n<div style=\"color: #373e4d;\" data-block=\"true\" data-offset-key=\"3md7k-0-0\">\n<div class=\"_1mf _1mj\" data-offset-key=\"3md7k-0-0\"><span data-offset-key=\"3md7k-0-0\">\u00a0<\/span><\/div>\n<\/div>\n<div style=\"color: #373e4d;\" data-block=\"true\" data-offset-key=\"5uad7-0-0\">\n<div class=\"_1mf _1mj\" data-offset-key=\"5uad7-0-0\"><span data-offset-key=\"5uad7-0-0\"><span data-text=\"true\">Palabras clave: representaci\u00f3n, destreza, provocaci\u00f3n, meditaci\u00f3n. Mi propuesta es que esta definici\u00f3n quiz\u00e1s ayuda a comprender por qu\u00e9 el arte es tanto objetivo como subjetivo. La parte objetiva podr\u00eda ser la intenci\u00f3n del artista, pero la parte subjetiva ser\u00eda la respuesta evocada.<\/span><\/span><\/div>\n<\/div>\n<div style=\"color: #373e4d;\" data-block=\"true\" data-offset-key=\"80bsi-0-0\">\n<div class=\"_1mf _1mj\" data-offset-key=\"80bsi-0-0\"><span data-offset-key=\"80bsi-0-0\">\u00a0<\/span><\/div>\n<\/div>\n<div style=\"color: #373e4d;\" data-block=\"true\" data-offset-key=\"dmpfh-0-0\">\n<div class=\"_1mf _1mj\" data-offset-key=\"dmpfh-0-0\"><span data-offset-key=\"dmpfh-0-0\"><span data-text=\"true\">Acorde a esta definici\u00f3n, mucho del arte moderno como la piedra de 340\u00a0toneladas criticada en el video del link que brindo, podr\u00eda no ser arte quiz\u00e1s porque carece de destreza y no es del todo claro en qu\u00e9 forma es una representaci\u00f3n de la realidad o cu\u00e1l era la intenci\u00f3n del artista, aunque admito que en algunas personas podr\u00eda provocar alg\u00fan tipo de introspecci\u00f3n.<\/span><\/span><\/div>\n<\/div>\n<div style=\"color: #373e4d;\" data-block=\"true\" data-offset-key=\"dg0q2-0-0\">\n<div class=\"_1mf _1mj\" data-offset-key=\"dg0q2-0-0\"><span data-offset-key=\"dg0q2-0-0\">\u00a0<\/span><\/div>\n<\/div>\n<div style=\"color: #373e4d;\" data-block=\"true\" data-offset-key=\"5c4am-0-0\">\n<div class=\"_1mf _1mj\" data-offset-key=\"5c4am-0-0\"><span data-offset-key=\"5c4am-0-0\"><span data-text=\"true\">Mucha m\u00fasica tocada por virtuosos con gran destreza, podr\u00eda tampoco ser exactamente arte por que aunque se toca con gran habilidad, no es claro en qu\u00e9 forma es una representaci\u00f3n de la realidad o bien quiz\u00e1s no provoca ning\u00fan tipo de respuesta emocional. Mucha m\u00fasica creada por h\u00e1biles guitarristas, por ejemplo, parece mas un show de gimnasia que no provoca nada en el observador.<\/span><\/span><\/div>\n<\/div>\n<div style=\"color: #373e4d;\" data-block=\"true\" data-offset-key=\"c644-0-0\">\n<div class=\"_1mf _1mj\" data-offset-key=\"c644-0-0\"><span data-offset-key=\"c644-0-0\">\u00a0<\/span><\/div>\n<\/div>\n<div style=\"color: #373e4d;\" data-block=\"true\" data-offset-key=\"aq1ao-0-0\">\n<div class=\"_1mf _1mj\" data-offset-key=\"aq1ao-0-0\"><span data-offset-key=\"aq1ao-0-0\"><span data-text=\"true\">Contrario a lo que cre\u00eda Ayn Rand, la fotograf\u00eda s\u00ed podr\u00eda ser arte porque el fot\u00f3grafo elige lo que mostrar\u00e1 en la foto, usualmente con una intenci\u00f3n que con frecuencia requiere destreza, y que provoca instrospecci\u00f3n.<\/span><\/span><\/div>\n<\/div>\n<div style=\"color: #373e4d;\" data-block=\"true\" data-offset-key=\"99t6-0-0\">\n<div class=\"_1mf _1mj\" data-offset-key=\"99t6-0-0\"><span data-offset-key=\"99t6-0-0\">\u00a0<\/span><\/div>\n<\/div>\n<div style=\"color: #373e4d;\" data-block=\"true\" data-offset-key=\"deu68-0-0\">\n<div class=\"_1mf _1mj\" data-offset-key=\"deu68-0-0\"><span data-offset-key=\"deu68-0-0\"><span data-text=\"true\">Definir arte no es f\u00e1cil, y no pretendo ser definitivo. Aunque podemos buscar una definici\u00f3n aparentemente objetiva para el arte, el problema es que las palabras representaci\u00f3n, destreza, provocaci\u00f3n y meditaci\u00f3n son subjetivas por naturaleza.<\/span><\/span><\/div>\n<\/div>\n<div style=\"color: #373e4d;\" data-block=\"true\" data-offset-key=\"2hr2k-0-0\">\n<div class=\"_1mf _1mj\" data-offset-key=\"2hr2k-0-0\"><span data-offset-key=\"2hr2k-0-0\">\u00a0<\/span><\/div>\n<\/div>\n<div style=\"color: #373e4d;\" data-block=\"true\" data-offset-key=\"77ts1-0-0\">\n<div class=\"_1mf _1mj\" data-offset-key=\"77ts1-0-0\"><span data-offset-key=\"77ts1-0-0\"><span data-text=\"true\">Chingui vV<\/span><\/span><\/div>\n<\/div>\n","protected":false},"excerpt":{"rendered":"QU\u00c9 ES ARTE? Parte 1 ES EL ARTE OBJETIVO O SUBJETIVO? Por Carlos Chingui M\u00e9ndez Tengo bastante tiempo meditando sobre el tema y no me ha sido f\u00e1cil tener una postura. Con el tiempo y analizando diferentes fuentes, he llegado a sentirme c\u00f3modo con esta definici\u00f3n: \u00a0 El arte es una representaci\u00f3n de la realidad&#8230; <a class=\"view-article\" href=\"http:\/\/viernesverde.com\/web\/que-es-arte-objetiva-o-subjetiva-parte-1\/\">View Article<\/a>","protected":false},"author":1,"featured_media":0,"parent":0,"menu_order":0,"comment_status":"open","ping_status":"open","template":"","meta":{"_acf_changed":false,"_exactmetrics_skip_tracking":false,"_exactmetrics_sitenote_active":false,"_exactmetrics_sitenote_note":"","_exactmetrics_sitenote_category":0,"footnotes":""},"categories":[3],"tags":[],"class_list":["post-1485","page","type-page","status-publish","hentry","category-chinguinismo"],"acf":[],"_links":{"self":[{"href":"http:\/\/viernesverde.com\/web\/wp-json\/wp\/v2\/pages\/1485","targetHints":{"allow":["GET"]}}],"collection":[{"href":"http:\/\/viernesverde.com\/web\/wp-json\/wp\/v2\/pages"}],"about":[{"href":"http:\/\/viernesverde.com\/web\/wp-json\/wp\/v2\/types\/page"}],"author":[{"embeddable":true,"href":"http:\/\/viernesverde.com\/web\/wp-json\/wp\/v2\/users\/1"}],"replies":[{"embeddable":true,"href":"http:\/\/viernesverde.com\/web\/wp-json\/wp\/v2\/comments?post=1485"}],"version-history":[{"count":12,"href":"http:\/\/viernesverde.com\/web\/wp-json\/wp\/v2\/pages\/1485\/revisions"}],"predecessor-version":[{"id":1498,"href":"http:\/\/viernesverde.com\/web\/wp-json\/wp\/v2\/pages\/1485\/revisions\/1498"}],"wp:attachment":[{"href":"http:\/\/viernesverde.com\/web\/wp-json\/wp\/v2\/media?parent=1485"}],"wp:term":[{"taxonomy":"category","embeddable":true,"href":"http:\/\/viernesverde.com\/web\/wp-json\/wp\/v2\/categories?post=1485"},{"taxonomy":"post_tag","embeddable":true,"href":"http:\/\/viernesverde.com\/web\/wp-json\/wp\/v2\/tags?post=1485"}],"curies":[{"name":"wp","href":"https:\/\/api.w.org\/{rel}","templated":true}]}}