{"id":5,"date":"2014-03-30T12:47:11","date_gmt":"2014-03-30T12:47:11","guid":{"rendered":"http:\/\/viernesverde.com\/web\/?page_id=5"},"modified":"2017-02-09T21:59:48","modified_gmt":"2017-02-10T03:59:48","slug":"historia","status":"publish","type":"page","link":"http:\/\/viernesverde.com\/web\/historia\/","title":{"rendered":"Historia"},"content":{"rendered":"<p>Viernes Verde nace el 15 de mayo de 1993 el nombre proviene de un virus de computadora.<\/p>\n<p>Cuentan actualmente con 7 producciones discogr\u00e1ficas:<br \/>\nCenizas Bajo tus Pies (1994)<br \/>\nOscuro (1998)<br \/>\nRemedios para el Alma (2001)<br \/>\nCon Piedras, Palos y Flores (2004)<br \/>\nFantasia Funesta (2009).<br \/>\nNamaste (2013)<br \/>\nvV XX Live (2014)<br \/>\nP.M. (2017)<\/p>\n<p>Tambi\u00e9n cabe resaltar que fueron la primera banda guatemalteca en lograr filmar un concierto en vivo para lanzarlo en DVD en el a\u00f1o 2005, lleva por nombre FESTIVAL GARRA CHAPINA son creadores y productores del Festival Garra Chapina que hoy por hoy es el festival de Rock mas grande de\u00a0Centroam\u00e9rica y ya cuenta con 12 ediciones.<\/p>\n<p>Viernes verde ha tenido presentaciones en toda la rep\u00fablica de Guatemala, Estados Unidos, El Salvador y Mexico donde radicaron casi 3 a\u00f1os y tuvieron muchas presentaciones en vivo junto a grandes bandas as\u00ed como una gran presencia en medios de comunicaci\u00f3n sus 4 videoclips lograron rotaci\u00f3n diaria en los canales much music y telehit.<\/p>\n<p><a href=\"http:\/\/viernesverde.com\/web\/wp-content\/uploads\/2017\/02\/vv2017-historia.jpg\"><img decoding=\"async\" class=\"alignnone size-full wp-image-831\" src=\"http:\/\/viernesverde.com\/web\/wp-content\/uploads\/2017\/02\/vv2017-historia.jpg\" alt=\"viernes-verde-banda\" \/><\/a><\/p>\n<p>Han alternado con bandas como: Enrique Bunbury, Caifanes, Mago de Oz, La Ley, Catupecu Machu, Coda, A.N.I.M.A.L., Los Estramboticos, Genitallica, Autenticos Decadentes, Enanitos Verdes, El Gran Silencio, Caf\u00e9 Tacuba, Belanova, Desorden Publico, Resorte, Pante\u00f3n Rococo, Calle 13, Soja, Cultura Prof\u00e9tica, Gondwana y muchos mas.<\/p>\n<p>La banda se integra por: Omar M\u00e9ndez \u2013 Voz Francisco Marroqu\u00edn \u2013 Guitarra Carlos M\u00e9ndez \u2013 Bajo Roger Marroqu\u00edn \u2013 Bater\u00eda.<\/p>\n<p>Actualmente ya cuentan con 24 a\u00f1os de carrera ininterrumpida son considerados una de las bandas mas importantes del Rock en Guatemala. su \u00e1lbum Namaste sali\u00f3 bajo el sello de CMP Records y fue producido y grabado por el Ganador del Grammy Rodolfo Castillo, la mezcla fue hecha por Iker Gastaminza y la masterizacion corri\u00f3 a cargo de Mike Couzzi ambos ganadores de varios premios Grammy.<\/p>\n<p>vVXX Live fue lanzado en 2014 contiene 2 canciones grabadas en vivo en Tikal Futura durante el concierto de los 20 a\u00f1os de carrera de la banda, fue Producido por Rodolfo Castillo, Mezclado por Iker Gastaminza y Masterizado por Tom Coyne, tambi\u00e9n sali\u00f3 bajo el sello CMP Records.<\/p>\n<p>Actualmente promocionan el EP titulado P.M. que fue grabado en Barranquilla Colombia y producido por Pablo Toro, el \u00e1lbum fue mezclado por Carlos \u201cEl Loco\u201d Bedoya en los estudios Hit Factory Criteria en Miami, FL. desde el a\u00f1o 2012 forman una fuerte alianza con Cerveza Gallo marca l\u00edder en Guatemala .<\/p>\n<p>Sitio Web y Redes Sociales www.viernesverde.com<br \/>\nTwitter: @ViernesVerde<br \/>\nFacebook: Viernes Verde Fan Page Facebook<br \/>\nTienda Verde: Viernes Verde Store<br \/>\nYoutube: ViernesVerdeTV<br \/>\nInstagram: ViernesVerde<br \/>\nReverbnation: www.reverbnation.com\/viernesverde<\/p>\n<p>Toda la discograf\u00eda Disponible en iTunes, Spotify, Deezer, Apple Music, etc<\/p>\n","protected":false},"excerpt":{"rendered":"Viernes Verde nace el 15 de mayo de 1993 el nombre proviene de un virus de computadora. Cuentan actualmente con 7 producciones discogr\u00e1ficas: Cenizas Bajo tus Pies (1994) Oscuro (1998) Remedios para el Alma (2001) Con Piedras, Palos y Flores (2004) Fantasia Funesta (2009). Namaste (2013) vV XX Live (2014) P.M. (2017) Tambi\u00e9n cabe resaltar&#8230; <a class=\"view-article\" href=\"http:\/\/viernesverde.com\/web\/historia\/\">View Article<\/a>","protected":false},"author":1,"featured_media":0,"parent":0,"menu_order":0,"comment_status":"open","ping_status":"open","template":"","meta":{"_acf_changed":false,"_exactmetrics_skip_tracking":false,"_exactmetrics_sitenote_active":false,"_exactmetrics_sitenote_note":"","_exactmetrics_sitenote_category":0,"footnotes":""},"categories":[],"tags":[],"class_list":["post-5","page","type-page","status-publish","hentry"],"acf":[],"_links":{"self":[{"href":"http:\/\/viernesverde.com\/web\/wp-json\/wp\/v2\/pages\/5","targetHints":{"allow":["GET"]}}],"collection":[{"href":"http:\/\/viernesverde.com\/web\/wp-json\/wp\/v2\/pages"}],"about":[{"href":"http:\/\/viernesverde.com\/web\/wp-json\/wp\/v2\/types\/page"}],"author":[{"embeddable":true,"href":"http:\/\/viernesverde.com\/web\/wp-json\/wp\/v2\/users\/1"}],"replies":[{"embeddable":true,"href":"http:\/\/viernesverde.com\/web\/wp-json\/wp\/v2\/comments?post=5"}],"version-history":[{"count":6,"href":"http:\/\/viernesverde.com\/web\/wp-json\/wp\/v2\/pages\/5\/revisions"}],"predecessor-version":[{"id":1628,"href":"http:\/\/viernesverde.com\/web\/wp-json\/wp\/v2\/pages\/5\/revisions\/1628"}],"wp:attachment":[{"href":"http:\/\/viernesverde.com\/web\/wp-json\/wp\/v2\/media?parent=5"}],"wp:term":[{"taxonomy":"category","embeddable":true,"href":"http:\/\/viernesverde.com\/web\/wp-json\/wp\/v2\/categories?post=5"},{"taxonomy":"post_tag","embeddable":true,"href":"http:\/\/viernesverde.com\/web\/wp-json\/wp\/v2\/tags?post=5"}],"curies":[{"name":"wp","href":"https:\/\/api.w.org\/{rel}","templated":true}]}}